34 + 31?
-1231300103
In base 7, what is -122316225 - 4?
-122316232
In base 5, what is -14111 - 132141?
-201302
In base 12, what is -1 - -779323?
779322
In base 12, what is -3 + -1255524?
-1255527
In base 9, what is 14 - 24266?
-24252
In base 13, what is -23bca91 + -1?
-23bca92
In base 12, what is -2561 + 303?
-225a
In base 6, what is 502 - -1044322?
1045224
In base 2, what is -11 - -1000011101011100000011000?
1000011101011100000010101
In base 10, what is -38 + 3170602?
3170564
In base 14, what is -6d17044 - -5?
-6d1703d
In base 2, what is -10001010 - -100000010110101101011?
100000010110011100001
In base 9, what is 48 - 2700740?
-2700681
In base 9, what is 4 + -52725704?
-52725700
In base 8, what is 41722315 - 11?
41722304
In base 4, what is -3302 - -1233320?
1230012
In base 2, what is -1101000 - 1111110111101000111?
-1111110111110101111
In base 5, what is -1300224122 - 14?
-1300224141
In base 9, what is -2308 - 415?
-2724
In base 3, what is -201201001101020 - 11?
-201201001101101
In base 2, what is 11 + -11101010100110000001101?
-11101010100110000001010
In base 5, what is 443000 - 4034?
433411
In base 16, what is 4e1db + -2e?
4e1ad
In base 14, what is -54bca + 135?
-54a95
In base 4, what is -2331211012213 + -3?
-2331211012222
In base 8, what is -52657 + 633?
-52024
In base 14, what is -18 - -2083c?
20824
In base 7, what is 33 - 203130556?
-203130523
In base 11, what is 22 - 42957?
-42935
In base 15, what is 16a0c0 + 3a?
16a10a
In base 5, what is 132002 - 31101132?
-30414130
In base 3, what is 0 - -111022001012?
111022001012
In base 3, what is 20011100222222112 + 11?
20011100222222200
In base 12, what is 11853 - 406?
11449
In base 3, what is 11022211021002 - 1?
11022211021001
In base 5, what is -2243 - -442222241?
442214443
In base 15, what is -18161 - 144?
-182a5
In base 10, what is -19593 + 835?
-18758
In base 5, what is 2441033 - -202414?
3144002
In base 7, what is 2601414231 - 3?
2601414225
In base 15, what is 461 + 5c30?
6191
In base 9, what is -22665 + 21061?
-1604
In base 16, what is 538 - -c84?
11bc
In base 11, what is a921267 + -5?
a921262
In base 10, what is 220745876 + -1?
220745875
In base 11, what is -a897 - -333a7?
23610
In base 16, what is 37 - -148e?
14c5
In base 15, what is -1c98 - 1e7?
-1e90
In base 2, what is 110011101 + -1101110110001100?
-1101101111101111
In base 2, what is -1001 + 111111111110101111101?
111111111110101110100
In base 2, what is -10010100100001001000 - 101?
-10010100100001001101
In base 9, what is -7641 - 1317?
-10058
In base 10, what is 254 + 86924?
87178
In base 4, what is 30223 - 1110313?
-1020030
In base 5, what is -142341 - -4412?
-132424
In base 3, what is -221110 - -20002110212?
20001112102
In base 13, what is 6c - -3b69b?
3b73a
In base 5, what is 20311410 - 210033?
20101322
In base 10, what is 58245 - 141?
58104
In base 10, what is 170881 + 5?
170886
In base 13, what is -132 - 669ba?
-66b1c
In base 3, what is 2020120000200112120 + 2?
2020120000200112122
In base 15, what is -1556303 + -1e?
-1556322
In base 10, what is 1 + 6962815?
6962816
In base 13, what is 286156 - -48?
2861a1
In base 5, what is 43330102134 - -114?
43330102303
In base 13, what is 3 + -302a37c?
-302a379
In base 11, what is -10273345 + 21?
-10273324
In base 14, what is -a52b04 - 1?
-a52b05
In base 8, what is -4545 - -55553?
51006
In base 15, what is b08d7 - -16?
b08ed
In base 11, what is -11 + -a104314?
-a104325
In base 16, what is -7c9e - -49?
-7c55
In base 14, what is a - b17a2b6?
-b17a2aa
In base 2, what is -1111010101 - -1010011101000001?
1010001101101100
In base 12, what is 42a1 - -11a?
43bb
In base 11, what is 196 - -167280a?
16729a5
In base 8, what is -115576 + 240?
-115336
In base 11, what is -3a3a5636 + -5?
-3a3a5640
In base 13, what is -bb4083 + -27?
-bb40aa
In base 13, what is -19676 - 3780?
-20126
In base 4, what is 1031 - -33112031?
33113122
In base 2, what is 1000111110101101 + -10010111111?
1000101011101110
In base 15, what is 0 - 3cd9e85?
-3cd9e85
In base 2, what is -11010101011 - -100011000011110010?
100010101001000111
In base 5, what is 124031 + 3233014?
3412100
In base 4, what is -11 + 2202320313?
2202320302
In base 12, what is -402933 + 1?
-402932
In base 9, what is -750810 - -54?
-750745
In base 4, what is 3333101033 + -1023?
3333100010
In base 3, what is 12 - -1000110012001210?
1000110012001222
In base 3, what is -220210111211101 - 100?
-220210111211201
In base 6, what is -41 - -4402341?
4402300
In base 14, what is 49432a2 + -2?
49432a0
In base 2, what is -100101011000100100101110011 - 11?
-100101011000100100101110110
In base 2, what is -111111010010 + -11001111001?
-1011001001011
In base 14, what is -2 + -32c140a?
-32c140c
In base 12, what is -6 + 11b0648?
11b0642
In base 10, what is -86981 - -106?
-86875
In base 4, what is 10 - -22201110121?
22201110131
In base 4, what is 20 - 11123133333?
-11123133313
In base 14, what is 2 + 356172c0?
356172c2
In base 4, what is -10 + 131123220232?
131123220222
In base 5, what is 12 - -101100142?
101100204
In base 7, what is 65124610 + -16?
65124561
In base 15, what is 324d - 6e?
31ce
In base 14, what is -9ba56b + 0?
-9ba56b
In base 7, what is 5 + 6202425?
6202433
In base 15, what is 0 + -5b85666?
-5b85666
In base 8, what is -615 - -7734167?
7733352
In base 12, what is -12729b6 - 1b1?
-1272ba7
In base 2, what is 1000111111101100001 - 100110?
1000111111100111011
In base 12, what is 180805a0 - -9?
180805a9
In base 2, what is -1 - -1101011111000011?
1101011111000010
In base 13, what is 30892c7 - 14?
30892b3
In base 5, what is 1333 - 2032443?
-2031110
In base 14, what is -38d7 + 30dc?
-7d9
In base 2, what is 1110011010010100010001 - 100110101?
1110011010001111011100
In base 4, what is -2322202 + -3?
-2322211
In base 7, what is 2252550 - -632?
2253512
In base 12, what is -4833 - -50a?
-4325
In base 2, what is 10010010111010111000110 - -110?
10010010111010111001100
In base 7, what is 1 + -64062631?
-64062630
In base 12, what is -3 + -3bb53a43?
-3bb53a46
In base 15, what is 596ec - 9?
596e3
In base 11, what is 15554a - -469?
155a08
In base 12, what is 66 + -134099?
-134033
In base 8, what is 6 + -55054011?
-55054003
In base 10, what is -16 + -2250742?
-2250758
In base 6, what is 121201 + -202321?
-41120
In base 11, what is 104086a - -185?
1040a44
In base 11, what is 443 - -5112?
5555
In base 10, what is -27 - 19260547?
-19260574
In base 10, what is -5 - 16745093?
-16745098
In base 15, what is -4d1 - b6797?
-b6c78
In base 7, what is 315200006 - -5?
315200014
In base 5, what is -122 + -140210104?
-140210231
In base 6, what is -30430 - -110424?
35554
In base 16, what is -4b548 + -340?
-4b888
In base 10, what is 4293 - -59800?
64093
In base 6, what is -41513035 + 15?
-41513020
In base 5, what is 4 - -402104411?
402104420
In base 4, what is -23103233013 + 1?
-23103233012
In base 13, what is -4 - 14a5b517?
-14a5b51b
In base 8, what is -276435666 + 5?
-276435661
In base 12, what is 27 - 19007?
-18ba0
In base 9, what is 127 - 806628?
-806501
In base 16, what is 3945 + -5d83?
-243e
In base 6, what is 221 + 33220012?
33220233
In base 4, what is -11303233220031 + 1?
-11303233220030
In base 2, what is -110100011000101110110100 - 110111?
-110100011000101111101011
In base 14, what is 9aa + 6c98?
7864
In base 9, what is -277 - -128647?
128360
In base 5, what is 0 + -302434101?
-302434101
In base 10, what is 7724 - 1184?
6540
In base 3, what is 12 + -2201210011021001?
-2201210011020212
In base 8, what is -2040226 - -1331?
-2036675
In base 8, what is -34720 + -1054?
-35774
In base 11, what is 0 - 271614?
-271614
In base 16, what is -5a61 - 1c?
-5a7d
In base 6, what is -103314024 + 2?
-103314022
In base 16, what is 2b7 + be9?
ea0
In base 15, what is -4 - -408230d?
4082309
In base 9, what is 0 + 672166046?
672166046
In base 11, what is 194780 - -71?
194841
In base 6, what is 2530134050 + -41?
2530134005
In base 2, what is 10011110000 - 100101111111101100000?
-100101111101001110000
In base 4, what is -102311300 + 2300?
-102303000
In base 13, what is -174 - 5c4a91?
-5c4c35
In base 8, what is -1146 + -40575?
-41743
In base 7, what is 4023226 - -1013?
4024242
In base 6, what is 0 - -2445001022?
2445001022
In base 15, what is -40a79 - 5?
-40a7e
In base 9, what is -610400 + 58?
-610331
In base 2, what i